5*g + 20. Let r be (-24)/g + (-1)/(-5). Give u(r).
4
Let y(f) = -2*f + 4. Suppose -2*w = 3*q - 3*w - 24, -3*q + 4*w + 24 = 0. Suppose 0*x - 32 = -q*x. Give y(x).
-4
Let t(z) = 1. Let b be 2/(-5 - -3)*-2. Suppose -3*y = -b*y - h, h = 4*y + 9. Let n(j) = -2*j + 12. Let u(x) = y*t(x) + n(x). Calculate u(6).
-3
Let p(l) = l**2 + 6*l - 7. Suppose 7*w - 3*w + 180 = 0. Let u = w - -38. Calculate p(u).
0
Let y(h) = -h + 1. Let q(b) = b**2 - b - 11. Let a(s) = -q(s) - 3*y(s). Suppose 1386 = 12*j - 3*j. Let u = 161 - j. Give a(u).
-13
Let z = 742 + -748. Let b(g) = -3*g - 16. What is b(z)?
2
Let c(t) = -t**3 + 6*t**2 + 3*t + 5. Let y(s) = -2*s**3 + 12*s**2 + 5*s + 9. Let f(l) = -7*c(l) + 3*y(l). Let z be 2/(-8) - (-290)/40. Give f(z).
-1
Let t(v) be the first derivative of 2*v**2 - v + 2/3*v**3 + 9. What is t(-4)?
15
Suppose 3*l = 3*a - 57, 4*a - 72 = 4*l + 2*a. Let y = l - -20. Let r(m) = -m**3 - m**3 - 3 + 4 - m**2 + y*m**3. What is r(0)?
1
Let p(b) = -7*b**2 - 30*b - 11. Let o be p(-4). Let k(h) = 2*h - 2. What is k(o)?
-8
Let n(l) be the second derivative of -3*l**5/10 + l**4/12 - l + 1. Let z be (20/(-16))/(2/(-8)). Suppose -4*h + z = h. What is n(h)?
-5
Let p(w) = -3*w + 9. Suppose -9*k = -27*k - 144. Calculate p(k).
33
Let j(m) = 14*m - 5. Let o(r) = 9*r - 3. Let n be 40/260 - ((-186)/(-26) + 1). Let q(i) = n*o(i) + 5*j(i). Give q(-4).
7
Let v(i) be the second derivative of i**5/20 - 2*i**4/3 + 8*i**3/3 - i**2/2 + 452*i. Give v(5).
4
Let o(w) be the first derivative of -w**2/2 - w + 5. Let x(r) = -r + 4. Let d be x(6). Give o(d).
1
Let x(k) = 5*k + 1. Suppose -o - 7 = 4*t - 24, -3*o + 7 = t. Let a be x(o). Let m(c) = -7*c**2 - 2*c + 4*c - a*c + 5*c. What is m(1)?
-6
Let t(h) = 56 - 5*h**2 + 58 - 118 + 2*h - h**3 - 4*h. Suppose 9 = -3*g - 3. Calculate t(g).
-12
Let r(f) = f**3 - 12*f**2 + 8*f + 9. Suppose 8 = -2*g, 3*l = 5*l - 2*g - 30. Determine r(l).
-24
Let s(f) be the first derivative of -f**5/60 + f**4/12 + f**3/6 - 31*f**2/2 + 1. Let h(y) be the second derivative of s(y). Calculate h(4).
-7
Let d(x) = -2*x**2 + 24*x - 58. Let u be d(8). Let b(f) = 2*f - 5. Determine b(u).
7
Let p be -3*((-26)/6 + 3 + 0). Suppose 2*w - 7 = 3*h - 0*w, p*h + 5*w - 29 = 0. Let c(q) = -2 + 8*q**2 + 1 + 2 - 2*q. Calculate c(h).
7
Let s = 182 - 187. Let v(f) = -3*f + 2. Let o(d) = -3 + 10*d - 6*d + 0. Let g(k) = 4*o(k) + 5*v(k). Determine g(s).
-7
Let f(x) = -6*x. Suppose 4*w + 8 = 6*w. Let l = 8 - w. Suppose -4*d - 2 + 18 = 2*g, 0 = -l*g - 4*d + 12. Determine f(g).
12
Let f(w) = -10*w. Let z(r) = -3*r**2 - 37*r - 11. Let s be z(-12). Calculate f(s).
-10
Let n(u) = u**3 + 3*u**2 - 7*u - 6. Let m be n(-4). Let a(b) = -m*b + 9*b - 4 + 3. Let j(z) = 4*z**2 - 71*z - 17. Let s be j(18). Determine a(s).
2
Let o(c) = 30 - 3*c + 27 - 37. What is o(6)?
2
Let r(k) = 3 + 0*k + k**3 - 4*k + 2*k**2 + 2*k - 7. Give r(-3).
-7
Let z(u) = 58*u + 9 + 16 + u**2 - 30*u - 45*u. Determine z(15).
-5
Let k(m) = -337*m - 11. Let a(d) = 119*d + 4. Let g(p) = -17*a(p) - 6*k(p). Suppose -5*b - 3*t - 4 = 0, -2*b + 3*t = -0*b + 10. Calculate g(b).
0
Suppose 8*a + 24 = 10*a. Let f be (1 + 4)*a/(-15). Let v(s) = s**3 + 5*s**2 + 3*s - 4. Determine v(f).
0
Let p(i) be the first derivative of -i**3/3 - 3*i**2 - 5*i - 125. What is p(-5)?
0
Let w = -17 - -19. Suppose w*s - 6 = -0*s. Suppose -11 + s = -4*q. Let c(f) = 3*f + 2. Give c(q).
8
Let r = 53 + -60. Let z(g) be the first derivative of -g**4/4 - 7*g**3/3 + 3*g**2/2 + 10*g - 25. Calculate z(r).
-11
Suppose -y + 30 = -2*y. Let q = 32 + y. Let p(x) = 6*x + 2. Calculate p(q).
14
Let l(p) = -2*p**2 + 11*p. Let g be l(5). Let t(d) = 6*d**2 + d - 4. Let c(x) = 7*x**2 - 5. Let o(a) = g*c(a) - 6*t(a). Determine o(-4).
7
Let y(x) = 0 + x + 7 + 3 + 0. Suppose -3*w - 2*w + 10 = 0. Suppose 4*i - 3 = 5*d + 16, -w*d + 6 = -5*i. Give y(d).
3
Suppose p = 3*r - 10, 0*r - 2*r + 4 = -2*p. Suppose p = -3*h + 2*h. Let v = 2 - h. Let k(l) = -l**2 + 2*l + 1. Give k(v).
-7
Let q(h) = -h**3 + 3*h**2 + 4*h + 1. Let w(y) = -3*y**2 + 16*y + 3. Let a be w(6). Let d = a - -13. What is q(d)?
1
Let u(c) = c**2 - c + 1. Let n(t) = t**2 + 16*t - 225. Let v be n(9). Give u(v).
1
Let s(m) = -m - 8. Let h(a) = -a + 8. Suppose -b + 7 - 1 = -2*o, -1 = o. Let p be h(b). Suppose 4*v + 6 = d, -p*v - 27 = 5*d + 15. Determine s(d).
-2
Let c(v) = 13*v + 4. Suppose -3*g + 5*l = 7*l + 20, 0 = 4*g + 4*l + 28. Let q(y) = 5 + 3*y + 2 + 22*y. Let r(s) = g*q(s) + 11*c(s). Give r(-2).
16
Suppose x - 19*x = 216. Let m(h) = -h**3 - 11*h**2 + 12*h - 1. Give m(x).
-1
Let d(v) = -2*v**2 + 11*v**2 + v + 3 - 5 - 7*v**2. Give d(-2).
4
Let o(s) = 10*s + 0*s**3 - s**2 + s**3 - 5*s + 2 - 4*s. Let p be -1*5 - (1 + -4). Let a = p - 0. Give o(a).
-12
Let v be (66*(-5)/(-90))/(1/(-3)). Let g(f) = -f**2 - 13*f - 16. What is g(v)?
6
Let p(z) be the first derivative of -2*z - 1 - 1/2*z**2 - 1/2*z**4 + 1/20*z**5 + 2/3*z**3. Let g(b) be the first derivative of p(b). Give g(5).
-6
Suppose -2*h = -7 - 3. Let s(i) be the third derivative of -i**4/24 + i**3 + 36*i**2. What is s(h)?
1
Let b(t) be the third derivative of t**5/60 + 5*t**4/24 - t**3/2 - 9*t**2. Let l be 4 - 2 - -11 - 4. Let j = -14 + l. Determine b(j).
-3
Let d(q) = -q**2 + 6*q - 1. Let w = -201 - -146. Let j = 61 + w. Give d(j).
-1
Let j(i) be the second derivative of -24*i - 6*i**2 + 0 - 1/3*i**3. Calculate j(-8).
4
Let h(u) be the third derivative of -u**4/6 + u**3/6 + 25*u**2. Let i be 4/(-24) - (-2)/12. Suppose -3*s + 2 + 1 = i. Calculate h(s).
-3
Let v(n) = 2*n**2 - n. Let o(f) = 7*f**2 + 2*f + 6. Let l(s) = o(s) - 3*v(s). Calculate l(-5).
6
Let j(q) = -q + 2. Let l be j(2). Let a(d) = 1048 - 352 - 359 + d - 351. Give a(l).
-14
Suppose 4*m + q + 10 = 0, 4*q - 17 + 0 = 3*m. Let v(x) = -13*x**2 - 16*x + 4. Let g(y) = -4*y**2 - 5*y + 1. Let d(n) = -7*g(n) + 2*v(n). Determine d(m).
10
Let g be 2/(-6)*-9*(-7)/(-3). Let n(j) = -9*j**3 + 2 - 3*j**2 + g*j**3 + 3*j**3. What is n(2)?
-2
Let n(h) = h**3 - 4*h + 3. Suppose -3*a = 3*a - 48. Suppose 94*k - 98*k + a = 0. What is n(k)?
3
Let a(w) = -3*w**2 - 5*w - 3. Suppose -3*t + 5*t + 16 = 0. Let i = t + 13. Suppose -2*p = i*b - 4, 0 = 4*p - 7*p + b - 11. What is a(p)?
-15
Let p(g) = 3*g**2 - 93*g**3 + 34*g**3 - 2*g**2. Determine p(1).
-58
Let j(b) be the first derivative of 3*b**3 - b**2 - b + 186. Give j(-1).
10
Let j(s) = s**3 + s. Suppose 18*r - 22*r = 4. Calculate j(r).
-2
Let i(k) = k**3 - 5*k**2 - 5*k - 3. Suppose f = 2*f - 3. Suppose -s + 0*q - 1 = -q, -3*q = f*s - 21. Suppose 7*y = s*y + 24. Give i(y).
3
Let s be 3/(9/12*-2). Let z(o) be the second derivative of o**4/12 + o**3/2 + 3*o**2/2 - 13*o. Determine z(s).
1
Let p(o) be the third derivative of o**6/120 + 7*o**5/60 - o**4/4 + 13*o**3/6 - 89*o**2. Calculate p(-8).
-3
Let f(a) = -19*a**2 - 20*a - 13. Let d(l) be the third derivative of l**5/20 + l**4/8 + l**3/3 + 42*l**2. Let y(o) = 39*d(o) + 6*f(o). Calculate y(2).
6
Let p be (66/(-24))/((-2)/8). Let m(s) = 5*s**2 - 21*s - 36. Let v(t) = -t**2 + 4*t + 7. Let o(l) = p*v(l) + 2*m(l). Give o(5).
-10
Let m(q) be the second derivative of -q**5/4 + q**4/6 + q**3/3 + q**2/2 - 30*q - 1. Give m(-1).
6
Let i(t) = -14*t**2 - 18*t + 39. Let k(q) = 11*q**2 + 17*q - 35. Let l(u) = -4*i(u) - 5*k(u). What is l(11)?
-3
Let u(l) = -l**2 + 2*l - 1. Let g be 5*8/60*3. Suppose 5 = g*h + d, -h + 0*h - 3*d + 10 = 0. What is u(h)?
0
Let b(t) = 47 + 38 + 47 - 3*t**2 - 125 + 0*t**2. Give b(-4).
-41
Let p = -167 - -164. Let x(d) = -d**2 - 2*d + 3. Calculate x(p).
0
Let q(h) = 2*h**3 + 77*h**2 - 40*h - 47. Let o be q(-39). Let l(p) = p**3 + 7*p**2 - 8*p + 6. Determine l(o).
6
Let p(o) = o**2 - 7*o + 2. Let h(v) = 8*v**2 - 4*v + 2. Let g be h(1). Let j = g + 3. Suppose j = 3*m - 12. What is p(m)?
2
Let h(p) be the first derivative of -p**2 - 8*p + 39. Determine h(-5).
2
Let h(k) = -11*k**2 + 5*k + 8. Let o(y) = -5*y**2 + 3*y + 4. Let b(j) = -2*h(j) + 5*o(j). Determine b(-3).
-38
Let k(p) be the first derivative of -8*p**2 - 48. Determine k(1).
-16
Let j(y) = -2*y**3 - 25*y**2 - 11*y + 5. Let s be j(-12). Let u(g) = -g - 5. What is u(s)?
2
Let v = 1 + 3. Let a(w) be the first derivative of -w**3/3 + 2*w**2 - 5*w + 5874. Determine a(v).
-5
Let x(h) = 6*h + 35. Let o be ((-14)/35)/((-10)/(-125)). Give x(o).
5
Let x be 2/24*-6*-4